{"id":86,"date":"2013-08-11T19:22:53","date_gmt":"2013-08-11T22:22:53","guid":{"rendered":"http:\/\/localhost:8888\/test\/?page_id=532"},"modified":"2019-05-30T06:37:20","modified_gmt":"2019-05-30T09:37:20","slug":"contato","status":"publish","type":"page","link":"https:\/\/componentesdecalcados.com.br\/solare\/contato\/","title":{"rendered":"Contato"},"content":{"rendered":"<div class=\"row\"  id=\"row-2091875801\">\n<div class=\"col medium-6 large-6\"  ><div class=\"col-inner\"  >\n<div class=\"container section-title-container\" ><h3 class=\"section-title section-title-center\"><b><\/b><span class=\"section-title-main\" >Peguntas Frequentes<\/span><b><\/b><\/h3><\/div><!-- .section-title -->\n<p class=\"lead\">Leia nossas FAQ antes de nos enviar uma mensagem.<\/p>\n<div class=\"accordion\" rel=\"\">\n<div class=\"accordion-item\"><a href=\"#\" class=\"accordion-title plain\"><button class=\"toggle\"><i class=\"icon-angle-down\"><\/i><\/button><span>Consigo comprar pelo site ?<\/span><\/a><div class=\"accordion-inner\">\n<p>N\u00e3o! O site \u00e9 um catalogo de produtos que a loja f\u00edsica possui.<\/p>\n<\/div><\/div>\n<div class=\"accordion-item\"><a href=\"#\" class=\"accordion-title plain\"><button class=\"toggle\"><i class=\"icon-angle-down\"><\/i><\/button><span>Como comprar?<\/span><\/a><div class=\"accordion-inner\">\n<p>Ao abrir um produto ver\u00e1 um bot\u00e3o comprar pelo WhatsApp, ao clicar abrira uma chamada com nosso vendedor via WhatsApp, e ele ira passar todas informa\u00e7\u00f5es necess\u00e1rias e fechar sua compra.<\/p>\n<\/div><\/div>\n<div class=\"accordion-item\"><a href=\"#\" class=\"accordion-title plain\"><button class=\"toggle\"><i class=\"icon-angle-down\"><\/i><\/button><span>Onde encontrar ?<\/span><\/a><div class=\"accordion-inner\">\n<p><strong>Endere\u00e7o:<\/strong><br \/> <strong>Telefone:<\/strong> 14 98121-8922 <br \/> <strong>Hor\u00e1rios:<\/strong> <\/p>\n<\/div><\/div>\n<\/div>\n<\/div><\/div>\n<div class=\"col medium-6 large-6\"  ><div class=\"col-inner\"  >\n<div class=\"container section-title-container\" ><h3 class=\"section-title section-title-center\"><b><\/b><span class=\"section-title-main\" >Contato Via Whatsapp<\/span><b><\/b><\/h3><\/div><!-- .section-title -->\n<p><a href=\"https:\/\/api.whatsapp.com\/send?phone=5514981218922&#038;text=Contato site Solare. Ol\u00e1, tudo bem? Meu nome \u00e9\" target=\"_blank\" rel=\"noopener\"><img decoding=\"async\" class=\"aligncenter wp-image-462\" src=\"https:\/\/componentesdecalcados.com.br\/solare\/wp-content\/uploads\/2018\/08\/wap-702x336.png\" alt=\"\" width=\"127\" height=\"61\" \/><\/a><\/p>\n<p>Clique no bot\u00e3o e abrir\u00e1 uma conversa via WhatsApp com nosso vendedor.<\/p>\n<\/div><\/div>\n<\/div>\n","protected":false},"excerpt":{"rendered":"","protected":false},"author":1,"featured_media":0,"parent":0,"menu_order":0,"comment_status":"closed","ping_status":"closed","template":"page-blank.php","meta":{"_mi_skip_tracking":false,"_exactmetrics_sitenote_active":false,"_exactmetrics_sitenote_note":"","_exactmetrics_sitenote_category":0,"footnotes":""},"_links":{"self":[{"href":"https:\/\/componentesdecalcados.com.br\/solare\/wp-json\/wp\/v2\/pages\/86"}],"collection":[{"href":"https:\/\/componentesdecalcados.com.br\/solare\/wp-json\/wp\/v2\/pages"}],"about":[{"href":"https:\/\/componentesdecalcados.com.br\/solare\/wp-json\/wp\/v2\/types\/page"}],"author":[{"embeddable":true,"href":"https:\/\/componentesdecalcados.com.br\/solare\/wp-json\/wp\/v2\/users\/1"}],"replies":[{"embeddable":true,"href":"https:\/\/componentesdecalcados.com.br\/solare\/wp-json\/wp\/v2\/comments?post=86"}],"version-history":[{"count":11,"href":"https:\/\/componentesdecalcados.com.br\/solare\/wp-json\/wp\/v2\/pages\/86\/revisions"}],"predecessor-version":[{"id":362,"href":"https:\/\/componentesdecalcados.com.br\/solare\/wp-json\/wp\/v2\/pages\/86\/revisions\/362"}],"wp:attachment":[{"href":"https:\/\/componentesdecalcados.com.br\/solare\/wp-json\/wp\/v2\/media?parent=86"}],"curies":[{"name":"wp","href":"https:\/\/api.w.org\/{rel}","templated":true}]}}